 132493?
47
What is the greatest common factor of 112166 and 51?
17
Calculate the greatest common divisor of 70543 and 53.
53
Calculate the highest common divisor of 285 and 16150.
95
Calculate the highest common divisor of 1362 and 14074.
454
Calculate the highest common factor of 340082 and 388.
194
Calculate the greatest common divisor of 100 and 284130.
10
What is the highest common factor of 32234 and 3632?
454
What is the highest common divisor of 3528 and 2044?
28
Calculate the greatest common factor of 225 and 21475.
25
What is the highest common divisor of 3212 and 17812?
292
Calculate the highest common factor of 437734 and 5.
1
What is the greatest common factor of 296 and 24448?
8
What is the highest common divisor of 4291 and 42?
7
What is the greatest common divisor of 5893692 and 56?
28
What is the greatest common factor of 94644 and 15296?
956
Calculate the highest common factor of 5856 and 6432.
96
What is the highest common factor of 180 and 9629730?
90
What is the greatest common factor of 204228 and 9?
9
What is the greatest common divisor of 133650 and 18975?
825
What is the greatest common factor of 68551 and 441?
49
Calculate the greatest common factor of 17979 and 871.
13
What is the highest common divisor of 1632 and 2074?
34
Calculate the greatest common factor of 9855 and 3564.
27
Calculate the greatest common divisor of 30264 and 1677.
39
Calculate the greatest common divisor of 491238 and 11.
11
Calculate the greatest common factor of 1368 and 18392.
152
What is the highest common factor of 672 and 54600?
168
What is the highest common divisor of 472 and 71508?
236
What is the greatest common divisor of 17 and 1190?
17
What is the greatest common factor of 2000 and 118320?
80
Calculate the greatest common divisor of 8976 and 20928.
48
What is the greatest common factor of 53915 and 1025?
205
Calculate the greatest common factor of 507 and 30563.
13
What is the highest common factor of 1211704 and 2379?
793
What is the highest common factor of 164888 and 24?
8
What is the greatest common factor of 14558 and 6777?
251
What is the greatest common factor of 1656 and 238878?
414
What is the greatest common divisor of 1214 and 789707?
607
Calculate the greatest common divisor of 16235 and 158530.
955
What is the highest common factor of 1184 and 212?
4
What is the greatest common divisor of 7769 and 442?
17
What is the highest common factor of 12623 and 481?
13
What is the greatest common factor of 781044 and 27511?
671
What is the greatest common factor of 2988 and 4731?
249
Calculate the highest common divisor of 21 and 8228787.
21
What is the highest common factor of 40500 and 612?
36
Calculate the greatest common divisor of 720 and 85392.
144
Calculate the greatest common factor of 124 and 102796.
124
Calculate the greatest common divisor of 1793 and 737.
11
What is the greatest common divisor of 7460 and 160?
20
What is the greatest common divisor of 147441 and 357?
357
What is the greatest common factor of 18525 and 8075?
475
Calculate the greatest common divisor of 102 and 984759.
51
Calculate the greatest common factor of 3200 and 490400.
800
What is the highest common divisor of 6258 and 1134?
42
Calculate the greatest common factor of 497805 and 210.
105
What is the highest common divisor of 114 and 334974?
6
What is the highest common factor of 2520 and 6944?
56
What is the greatest common divisor of 150 and 1600?
50
Calculate the greatest common factor of 8 and 10222.
2
What is the highest common divisor of 8160 and 3180?
60
What is the highest common factor of 35236 and 12?
4
What is the greatest common factor of 61397 and 1969?
179
What is the highest common divisor of 825 and 1034?
11
Calculate the highest common divisor of 4 and 42550.
2
What is the greatest common divisor of 18 and 2601?
9
Calculate the highest common divisor of 4 and 764564.
4
What is the highest common divisor of 20 and 20570?
10
What is the highest common factor of 412256 and 728?
104
Calculate the greatest common factor of 916412 and 184.
92
What is the greatest common divisor of 6344 and 854?
122
What is the highest common factor of 267897 and 21?
21
Calculate the highest common divisor of 32 and 301320.
8
Calculate the highest common divisor of 1586 and 601826.
122
What is the greatest common factor of 3477 and 2223?
57
Calculate the highest common divisor of 2091123 and 369.
369
Calculate the greatest common factor of 20748 and 2571023.
1729
Calculate the highest common divisor of 16032 and 456.
24
What is the highest common factor of 14577 and 3827?
43
What is the highest common factor of 340 and 131410?
170
What is the highest common factor of 148 and 528804?
148
Calculate the greatest common factor of 468 and 104832.
468
Calculate the highest common divisor of 184 and 14421.
23
Calculate the highest common divisor of 16807 and 343.
343
Calculate the highest common divisor of 95202 and 216.
54
What is the greatest common factor of 116452 and 3976?
28
Calculate the highest common factor of 38 and 304475.
19
What is the greatest common factor of 192 and 5040192?
192
Calculate the highest common divisor of 822772 and 212.
212
Calculate the greatest common divisor of 153 and 12869.
17
What is the greatest common divisor of 409 and 204500?
409
What is the highest common divisor of 1160 and 2312?
8
Calculate the highest common factor of 4210 and 994402.
842
What is the highest common divisor of 408 and 37434?
102
Calculate the highest common divisor of 73633 and 1005.
67
What is the greatest common factor of 51947 and 2296?
287
Calculate the greatest common factor of 17 and 157913.
17
Calculate the highest common divisor of 23028 and 48.
12
What is the highest common divisor of 16820 and 140?
20
What is the highest common factor of 238 and 9673?
17
What is the highest common factor of 465533 and 5738?
151
Calculate the highest common divisor of 6552 and 1003548.
1092
Calculate the highest common factor of 1338 and 1668.
6
What is the greatest common divisor of 2795 and 152435?
215
Calculate the highest common factor of 171935 and 502.
251
Calculate the greatest common factor of 591257 and 313.
313
What is the greatest common divisor of 276 and 448017?
69
Calculate the greatest common divisor of 21027 and 24.
3
Calculate the highest common divisor of 1077 and 48.
3
Calculate the greatest common factor of 7575 and 38895.
15
What is the greatest common factor of 88 and 18776?
8
What is the highest common divisor of 3007 and 248?
31
Calculate the highest common factor of 582732 and 72.
36
Calculate the highest common divisor of 81437 and 279.
31
Calculate the highest common divisor of 8015 and 420.
35
Calculate the highest common divisor of 245376 and 16.
16
What is the greatest common factor of 3174217 and 129?
43
What is the greatest common divisor of 2185 and 160080?
115
What is the greatest common factor of 542 and 5564714?
542
Calculate the highest common factor of 4962066 and 492.
246
Calculate the greatest common divisor of 281 and 2678773.
281
What is the highest common divisor of 999642 and 28?
14
What is the highest common divisor of 69 and 1419882?
69
What is the highest common divisor of 5863 and 576829?
451
What is the greatest common factor of 9968 and 1904?
112
What is the highest common factor of 120 and 38920?
40
What is the highest common divisor of 2037 and 1031304?
291
Calculate the greatest common factor of 830 and 2810.
10
What is the highest common factor of 18174 and 1014?
78
Calculate the greatest common divisor of 342006 and 1512.
42
Calculate the highest common divisor of 4238 and 182.
26
Calculate the highest common divisor of 37 and 1961.
37
What is the highest common divisor of 80 and 118080?
80
What is the greatest common factor of 28440 and 7821?
711
Calculate the greatest common divisor of 22112 and 51825.
691
Calculate the greatest common divisor of 90922 and 13450.
538
What is the highest common divisor of 190658 and 52?
26
Calculate the greatest common divisor of 1751777 and 43.
43
Calculate the greatest common factor of 2520 and 153216.
504
Calculate the highest common factor of 6527 and 305.
61
Calculate the highest common divisor of 288 and 6697248.
96
What is the greatest common divisor of 545 